
-3c33c
What is 546223 (base 8) in base 12?
8a1ab
What is 334054050 (base 6) in base 13?
13480b3
What is -222955 (base 11) in base 9?
-601211
What is 1222112001 (base 3) in base 7?
221515
-508a3 (base 12) to base 7
-614664
What is 202100100 (base 3) in base 7?
61146
2762028 (base 9) to base 6
52303255
454557 (base 8) to base 4
211211233
Convert 1185157 (base 9) to base 8.
2357144
4334140 (base 6) to base 10
214764
What is 41a171 (base 11) in base 10?
672354
111101001101000100101110 (base 2) to base 14
21b90bc
Convert 23065645 (base 7) to base 14.
3a6c25
15b53 (base 13) to base 15
c44d
-1168a5c (base 14) to base 3
-120122210102200
What is -100011100021 (base 3) in base 2?
-101100000001011001
214570 (base 10) to base 6
4333214
Convert -1130121 (base 5) to base 16.
-50b5
Convert 120111122100201 (base 3) to base 10.
8240149
What is 30170 (base 13) in base 2?
10100111110110111
What is 351500 (base 10) in base 7?
2662532
What is -440124000 (base 5) in base 2?
-111001010111101000011
-20210066 (base 7) to base 15
-233a9e
What is -178731 (base 10) in base 11?
-112313
What is 2050263 (base 7) in base 16?
3c696
What is 1db362 (base 14) in base 7?
12035652
Convert 11020100022011 (base 3) to base 2.
1000100101011110010011
Convert -23301023132 (base 4) to base 5.
-1242210042
22362117 (base 8) to base 3
100010000202122
10433150 (base 7) to base 5
212232322
Convert -371171 (base 8) to base 2.
-11111001001111001
Convert -1513105 (base 6) to base 7.
-513110
138a14 (base 11) to base 13
77917
Convert -1220012112 (base 3) to base 15.
-b0d8
-3225110 (base 6) to base 16
-26e02
What is -84668 (base 14) in base 10?
-319572
Convert -23313314 (base 8) to base 6.
-300553032
What is 10011011000001011 (base 2) in base 4?
103120023
3885c4 (base 13) to base 7
14365531
What is -24514352 (base 6) in base 15?
-1085bb
Convert -1101110222101 (base 3) to base 2.
-10110100000111000011
Convert -58896 (base 13) to base 3.
-22020000200
What is -8a4b (base 16) in base 12?
-185a3
-323333113213 (base 4) to base 9
-32528074
-200101220010 (base 3) to base 16
-586fb
-1131122223 (base 4) to base 6
-12111243
What is 140043333 (base 5) in base 9?
1285517
Convert -28d30 (base 15) to base 6.
-2451300
Convert -7ab863 (base 13) to base 5.
-1221112021
Convert 11030233011 (base 4) to base 14.
27696d
53300304 (base 6) to base 5
400004323
27a5412 (base 11) to base 15
65452b
What is -3322564 (base 7) in base 13?
-1142cb
Convert -1048998 (base 11) to base 15.
-265b7e
-111010101001001101 (base 2) to base 15
-4b28a
What is 276039 (base 10) in base 12?
1138b3
11566602 (base 7) to base 16
fe643
160207 (base 8) to base 9
86755
What is -165618 (base 12) in base 3?
-201110001202
What is 665b (base 14) in base 8?
42471
Convert -1445305 (base 6) to base 3.
-11021102012
What is 198d (base 16) in base 5?
202131
-100202220120 (base 3) to base 14
-50182
-c2ce2 (base 15) to base 7
-5150210
What is -6264025 (base 7) in base 15?
-edbda
What is 8aa07 (base 11) in base 2?
100000001001000111
What is 100111102001012 (base 3) in base 10?
5046899
Convert 10220212210 (base 3) to base 8.
226603
What is -5130220 (base 7) in base 12?
-256467
What is 301304125 (base 6) in base 7?
61301141
What is -32070 (base 14) in base 8?
-354002
Convert 11692 (base 15) to base 10.
55487
Convert 219225 (base 12) to base 3.
1000010212202
Convert -5089876 (base 11) to base 14.
-129d6d5
112503521 (base 6) to base 9
3838434
What is 110010111001010010 (base 2) in base 7?
1525526
Convert 11002010121 (base 3) to base 6.
1415411
Convert -575286 (base 10) to base 3.
-1002020010220
What is 2545043 (base 8) in base 12?
2a1257
What is -56461144 (base 7) in base 11?
-2850778
Convert -4243302 (base 5) to base 10.
-71702
110130013230 (base 4) to base 5
2332424220
Convert -231321122 (base 4) to base 15.
-3aa7e
-85351 (base 10) to base 8
-246547
-13033224 (base 5) to base 9
-213570
Convert 403551 (base 9) to base 4.
322103302
What is 12668088 (base 9) in base 4?
113310300233
Convert -21022010022202 (base 3) to base 7.
-44656610
What is 20342040 (base 5) in base 16?
291cb
What is -11010101011000000 (base 2) in base 8?
-325300
What is -17b72a (base 12) in base 4?
-1211011102
What is 449b46 (base 13) in base 4?
12023301302
What is -1626540 (base 7) in base 16?
-37158
What is f92c8 (base 16) in base 7?
11450362
Convert -15083 (base 13) to base 3.
-2000101122
What is 650ba2 (base 16) in base 7?
110200312
Convert -100020131 (base 4) to base 11.
-45710
What is 112010211 (base 3) in base 15?
30c4
-12221221011100 (base 3) to base 5
-1302330442
What is 21110101012 (base 3) in base 10?
146804
Convert -47005055 (base 8) to base 16.
-9c0a2d
Convert -172351 (base 8) to base 4.
-33103221
What is -24515 (base 12) in base 6?
-1015225
-800d6 (base 14) to base 8
-1130474
-21d52 (base 14) to base 2
-10100000100010100
-2222001302 (base 4) to base 12
-297042
Convert -240475 (base 9) to base 7.
-1141652
-5445245 (base 6) to base 9
-452352
What is -2e0a51 (base 16) in base 8?
-13405121
Convert -34252235 (base 7) to base 9.
-5553255
Convert -20120221222122 (base 3) to base 2.
-1101010111001011110011
Convert 334246 (base 7) to base 16.
e6f8
What is b3e0 (base 15) in base 2?
1001010001111010
What is -270355 (base 8) in base 5?
-11010240
Convert -1001312 (base 4) to base 7.
-15200
-14477006 (base 8) to base 6
-154531422
What is 561180 (base 9) in base 5?
41213433
161412 (base 10) to base 3
22012102020
What is 3032221313 (base 4) in base 11?
528a55
What is -1102220012 (base 3) in base 6?
-335135
Convert c9c27a (base 14) to base 10.
6833060
What is cde49 (base 15) in base 3?
1020020221020
255767 (base 8) to base 16
15bf7
-11414034 (base 5) to base 11
-73761
What is 605713 (base 8) in base 9?
333747
Convert 4555b5 (base 14) to base 8.
10775733
Convert 22d760 (base 15) to base 11.
a38388
Convert acfe4 (base 16) to base 15.
dee3a
Convert 13a26 (base 11) to base 9.
30230
Convert 330022022 (base 5) to base 9.
2575070
Convert -3524646 (base 8) to base 11.
-5a6a67
Convert 10101001100001110 (base 2) to base 10.
86798
Convert 106300 (base 9) to base 10.
63666
Convert 143396 (base 14) to base 2.
10101011000000011000
-231121113 (base 4) to base 15
-3a163
What is 20121222210202 (base 3) in base 11?
1a96a72
What is -115ce9 (base 15) in base 3?
-1120011021010
Convert -e72a9 (base 16) to base 5.
-220244412
104402102 (base 5) to base 16
71bee
What is -11000000110011111111111 (base 2) in base 16?
-6067ff
Convert -253506 (base 9) to base 14.
-3dd25
Convert -8bbe0f (base 16) to base 4.
-202323320033
Convert 10001111111010101111 (base 2) to base 10.
589487
Convert -67d8a (base 15) to base 4.
-1100222332
-97d7 (base 15) to base 7
-162511
Convert 112102202001010 (base 3) to base 14.
103993b
Convert -1066250 (base 7) to base 4.
-200301212
Convert 11101111101101011011 (base 2) to base 3.
1211212211212
160a2 (base 16) to base 13
32122
What is 1d2d13 (base 14) in base 13?
2a7a17
What is 6257 (base 12) in base 5?
320343
What is 146831 (base 11) in base 5?
24303403
What is 164c3 (base 15) in base 16?
11916
What is 1974070 (base 14) in base 11?
71600a4
-13004144 (base 5) to base 2
-11110101001101101
What is -450750 (base 8) in base 3?
-21201120010
-2120153 (base 6) to base 14
-29b49
-211334131 (base 5) to base 16
-d8807
What is 1595465 (base 10) in base 5?
402023330
Convert 111010110011001 (base 2) to base 12.
15509
-11c62 (base 15) to base 16
-ddd8
What is -43ea3 (base 16) in base 8?
-1037243
Convert -39350 (base 11) to base 14.
-1674c
Convert -1202205 (base 6) to base 16.
-f4fd
Convert -158442 (base 13) to base 11.
-334004
Convert 3322131122 (base 4) to base 11.
640840
What is -890043 (base 15) in base 4?
-120322122000
21595 (base 14) to base 9
132612
What is -4322444 (base 5) in base 6?
-1324135
What is 20134110 (base 5) in base 10?
161780
Convert -424312 (base 15) to base 12.
-1080752
683815 (base 10) to base 15
d792a
-104784e (base 15) to base 6
-1053005532
What is 27151 (base 11) in base 4?
21131320
65466540 (base 7) to base 11
3194533
What is -5280d (base 15) in base 2?
-111111111000111000
What is -53c88 (base 14) in base 7?
-1503131
1130202210 (base 4) to base 11
239866
What is 1301010223 (base 4) in base 13?
132a69
What is -90470d (base 14) in base 2?
-10010100000110000101001
Convert 5dcd5 (base 14) to ba